{"id":918,"date":"2020-05-05T10:30:23","date_gmt":"2020-05-05T08:30:23","guid":{"rendered":"http:\/\/rivegaucheblois.fr\/?page_id=918"},"modified":"2020-05-09T11:24:52","modified_gmt":"2020-05-09T09:24:52","slug":"consignes-sanitaires","status":"publish","type":"page","link":"https:\/\/rivegaucheblois.fr\/?page_id=918","title":{"rendered":"CONSIGNES SANITAIRES"},"content":{"rendered":"\n<div class=\"wp-block-image\"><figure class=\"aligncenter size-large\"><img decoding=\"async\" loading=\"lazy\" width=\"830\" height=\"164\" src=\"http:\/\/rivegaucheblois.fr\/wp-content\/uploads\/2020\/05\/bande-de-logo-covid.jpg\" alt=\"\" class=\"wp-image-974\" srcset=\"https:\/\/rivegaucheblois.fr\/wp-content\/uploads\/2020\/05\/bande-de-logo-covid.jpg 830w, https:\/\/rivegaucheblois.fr\/wp-content\/uploads\/2020\/05\/bande-de-logo-covid-300x59.jpg 300w, https:\/\/rivegaucheblois.fr\/wp-content\/uploads\/2020\/05\/bande-de-logo-covid-768x152.jpg 768w\" sizes=\"(max-width: 830px) 100vw, 830px\" \/><\/figure><\/div>\n\n\n\n<p class=\"has-medium-font-size\"> En raison de l\u2019\u00e9pid\u00e9mie de Covid-19 qui continue de s\u00e9vir, l\u2019auto-\u00e9cole a d\u00fb prendre des mesures d\u2019hygi\u00e8ne stricte pour favoriser sa r\u00e9ouverture.<\/p>\n\n\n\n<p class=\"has-medium-font-size\">Nous vous demandons de venir \u00e0 l\u2019auto-\u00e9cole avec un masque, pour les heures de conduite et pour les cours de code. <strong>Toute personne sans masque se verra refus\u00e9e au sein de l\u2019auto-\u00e9cole<\/strong> et l\u2019heure de conduite sera annul\u00e9e et factur\u00e9e.<\/p>\n\n\n\n<p class=\"has-medium-font-size\">Essayez, dans la mesure du possible, d\u2019arriver \u00e0 l\u2019heure pour votre heure de conduite (pas trop en avance, ni en retard). L\u2019attente se fera dehors, dans la voiture de la personne qui vous d\u00e9pose ou si le temps ne le permet pas dans le bureau en respectant les distances de s\u00e9curit\u00e9.<\/p>\n\n\n\n<p class=\"has-medium-font-size\">De plus, nous vous demandons de pr\u00e9parer votre r\u00e8glement en amont de la s\u00e9ance (ch\u00e8que pr\u00e9-rempli ou l\u2019appoint pour les esp\u00e8ces). Comme en soci\u00e9t\u00e9, il vous est demand\u00e9 de garder des distanciations sociales d\u20191 m\u00e8tre et de limiter vos contacts avec l\u2019environnement (poign\u00e9es de porte, chaises, etc).<\/p>\n\n\n\n<p class=\"has-medium-font-size\">Pour les s\u00e9ries de code en salle, il est recommand\u00e9 de venir avec des gants pour l\u2019utilisation des bo\u00eetiers.<\/p>\n\n\n\n<p class=\"has-medium-font-size\">Du gel hydroalcoolique vous sera fourni avant chaque s\u00e9ance de code et heure de conduite. Il vous sera demand\u00e9 de nettoyer votre poste de conduite avec une lingette d\u00e9sinfectante \u00e0 la fin de votre heure de conduite.<\/p>\n\n\n\n<p class=\"has-medium-font-size\">Enfin, prenez vos pr\u00e9cautions avant de venir \u00e0 l\u2019auto-\u00e9cole, les toilettes seront exceptionnellement ferm\u00e9es au public. <\/p>\n","protected":false},"excerpt":{"rendered":"<p>En raison de l\u2019\u00e9pid\u00e9mie de Covid-19 qui continue de s\u00e9vir, l\u2019auto-\u00e9cole a d\u00fb prendre des mesures d\u2019hygi\u00e8ne stricte pour favoriser sa r\u00e9ouverture. Nous vous demandons de venir \u00e0 l\u2019auto-\u00e9cole avec un masque, pour les heures de conduite et pour les cours de code. Toute personne sans masque se verra refus\u00e9e au sein de l\u2019auto-\u00e9cole et [&hellip;]<\/p>\n","protected":false},"author":1,"featured_media":0,"parent":0,"menu_order":0,"comment_status":"closed","ping_status":"closed","template":"","meta":[],"_links":{"self":[{"href":"https:\/\/rivegaucheblois.fr\/index.php?rest_route=\/wp\/v2\/pages\/918"}],"collection":[{"href":"https:\/\/rivegaucheblois.fr\/index.php?rest_route=\/wp\/v2\/pages"}],"about":[{"href":"https:\/\/rivegaucheblois.fr\/index.php?rest_route=\/wp\/v2\/types\/page"}],"author":[{"embeddable":true,"href":"https:\/\/rivegaucheblois.fr\/index.php?rest_route=\/wp\/v2\/users\/1"}],"replies":[{"embeddable":true,"href":"https:\/\/rivegaucheblois.fr\/index.php?rest_route=%2Fwp%2Fv2%2Fcomments&post=918"}],"version-history":[{"count":4,"href":"https:\/\/rivegaucheblois.fr\/index.php?rest_route=\/wp\/v2\/pages\/918\/revisions"}],"predecessor-version":[{"id":978,"href":"https:\/\/rivegaucheblois.fr\/index.php?rest_route=\/wp\/v2\/pages\/918\/revisions\/978"}],"wp:attachment":[{"href":"https:\/\/rivegaucheblois.fr\/index.php?rest_route=%2Fwp%2Fv2%2Fmedia&parent=918"}],"curies":[{"name":"wp","href":"https:\/\/api.w.org\/{rel}","templated":true}]}}