{"id":24,"date":"2017-09-25T19:37:00","date_gmt":"2017-09-25T17:37:00","guid":{"rendered":"http:\/\/rivegaucheblois.fr\/?page_id=24"},"modified":"2025-02-07T18:41:56","modified_gmt":"2025-02-07T17:41:56","slug":"lequipe","status":"publish","type":"page","link":"https:\/\/rivegaucheblois.fr\/?page_id=24","title":{"rendered":"Auto-\u00e9cole RIVE GAUCHE"},"content":{"rendered":"<h2><span style=\"color: #000080;\">L&rsquo;\u00e9quipe RIVE GAUCHE se compose de 8 enseignants de la conduite r\u00e9partis sur les agences de Blois Vienne, de Villebarou et Albert 1er \u00e0 votre service pour une plus grande disponibilit\u00e9 !<\/span><\/h2>\n\n\n<h2>SUR LA ROUTE &#8230;<\/h2>\n\n\n\n<figure class=\"wp-block-image size-full\"><a href=\"http:\/\/rivegaucheblois.fr\/?page_id=345\"><img decoding=\"async\" loading=\"lazy\" width=\"440\" height=\"115\" src=\"https:\/\/rivegaucheblois.fr\/wp-content\/uploads\/2024\/02\/bouton-Nico-2.jpg\" alt=\"\" class=\"wp-image-2024\" srcset=\"https:\/\/rivegaucheblois.fr\/wp-content\/uploads\/2024\/02\/bouton-Nico-2.jpg 440w, https:\/\/rivegaucheblois.fr\/wp-content\/uploads\/2024\/02\/bouton-Nico-2-300x78.jpg 300w\" sizes=\"(max-width: 440px) 100vw, 440px\" \/><\/a><\/figure>\n\n\n\n<figure class=\"wp-block-image size-full\"><a href=\"http:\/\/rivegaucheblois.fr\/?page_id=347\"><img decoding=\"async\" loading=\"lazy\" width=\"440\" height=\"115\" src=\"https:\/\/rivegaucheblois.fr\/wp-content\/uploads\/2024\/02\/bouton-aurelie-2.jpg\" alt=\"\" class=\"wp-image-2027\" srcset=\"https:\/\/rivegaucheblois.fr\/wp-content\/uploads\/2024\/02\/bouton-aurelie-2.jpg 440w, https:\/\/rivegaucheblois.fr\/wp-content\/uploads\/2024\/02\/bouton-aurelie-2-300x78.jpg 300w\" sizes=\"(max-width: 440px) 100vw, 440px\" \/><\/a><\/figure>\n\n\n\n<figure class=\"wp-block-image size-full\"><a href=\"http:\/\/rivegaucheblois.fr\/?page_id=1363\"><img decoding=\"async\" loading=\"lazy\" width=\"440\" height=\"115\" src=\"https:\/\/rivegaucheblois.fr\/wp-content\/uploads\/2024\/02\/bouton-valerie-2.jpg\" alt=\"\" class=\"wp-image-2029\" srcset=\"https:\/\/rivegaucheblois.fr\/wp-content\/uploads\/2024\/02\/bouton-valerie-2.jpg 440w, https:\/\/rivegaucheblois.fr\/wp-content\/uploads\/2024\/02\/bouton-valerie-2-300x78.jpg 300w\" sizes=\"(max-width: 440px) 100vw, 440px\" \/><\/a><\/figure>\n\n\n\n<figure class=\"wp-block-image size-full\"><a href=\"https:\/\/rivegaucheblois.fr\/?page_id=343\"><img decoding=\"async\" loading=\"lazy\" width=\"440\" height=\"115\" src=\"https:\/\/rivegaucheblois.fr\/wp-content\/uploads\/2025\/02\/bouton-Fabien-2-1.jpg\" alt=\"\" class=\"wp-image-2207\" srcset=\"https:\/\/rivegaucheblois.fr\/wp-content\/uploads\/2025\/02\/bouton-Fabien-2-1.jpg 440w, https:\/\/rivegaucheblois.fr\/wp-content\/uploads\/2025\/02\/bouton-Fabien-2-1-300x78.jpg 300w\" sizes=\"(max-width: 440px) 100vw, 440px\" \/><\/a><\/figure>\n\n\n\n<figure class=\"wp-block-image size-full\"><a href=\"http:\/\/rivegaucheblois.fr\/?page_id=1510\"><img decoding=\"async\" loading=\"lazy\" width=\"440\" height=\"115\" src=\"https:\/\/rivegaucheblois.fr\/wp-content\/uploads\/2024\/02\/bouton-selda-2.jpg\" alt=\"\" class=\"wp-image-2031\" srcset=\"https:\/\/rivegaucheblois.fr\/wp-content\/uploads\/2024\/02\/bouton-selda-2.jpg 440w, https:\/\/rivegaucheblois.fr\/wp-content\/uploads\/2024\/02\/bouton-selda-2-300x78.jpg 300w\" sizes=\"(max-width: 440px) 100vw, 440px\" \/><\/a><\/figure>\n\n\n\n<figure class=\"wp-block-image size-full\"><a href=\"http:\/\/rivegaucheblois.fr\/?page_id=1524\"><img decoding=\"async\" loading=\"lazy\" width=\"440\" height=\"115\" src=\"https:\/\/rivegaucheblois.fr\/wp-content\/uploads\/2024\/02\/bouton-hugo-2-1.jpg\" alt=\"\" class=\"wp-image-2032\" srcset=\"https:\/\/rivegaucheblois.fr\/wp-content\/uploads\/2024\/02\/bouton-hugo-2-1.jpg 440w, https:\/\/rivegaucheblois.fr\/wp-content\/uploads\/2024\/02\/bouton-hugo-2-1-300x78.jpg 300w\" sizes=\"(max-width: 440px) 100vw, 440px\" \/><\/a><\/figure>\n\n\n\n<figure class=\"wp-block-image size-full\"><a href=\"https:\/\/rivegaucheblois.fr\/?page_id=1995\"><img decoding=\"async\" loading=\"lazy\" width=\"440\" height=\"115\" src=\"https:\/\/rivegaucheblois.fr\/wp-content\/uploads\/2024\/02\/bouton-Camille-2.jpg\" alt=\"\" class=\"wp-image-2033\" srcset=\"https:\/\/rivegaucheblois.fr\/wp-content\/uploads\/2024\/02\/bouton-Camille-2.jpg 440w, https:\/\/rivegaucheblois.fr\/wp-content\/uploads\/2024\/02\/bouton-Camille-2-300x78.jpg 300w\" sizes=\"(max-width: 440px) 100vw, 440px\" \/><\/a><\/figure>\n\n\n\n<figure class=\"wp-block-image size-full\"><a href=\"https:\/\/rivegaucheblois.fr\/?p=2063\"><img decoding=\"async\" loading=\"lazy\" width=\"439\" height=\"113\" src=\"https:\/\/rivegaucheblois.fr\/wp-content\/uploads\/2024\/03\/bouton-thierry-voiture.jpg\" alt=\"\" class=\"wp-image-2066\" srcset=\"https:\/\/rivegaucheblois.fr\/wp-content\/uploads\/2024\/03\/bouton-thierry-voiture.jpg 439w, https:\/\/rivegaucheblois.fr\/wp-content\/uploads\/2024\/03\/bouton-thierry-voiture-300x77.jpg 300w\" sizes=\"(max-width: 439px) 100vw, 439px\" \/><\/a><\/figure>\n\n\n\n<hr class=\"wp-block-separator has-css-opacity\"\/>\n\n\n\n<h2>AU BUREAU &#8230;<\/h2>\n\n\n\n<figure class=\"wp-block-image size-full\"><a href=\"http:\/\/rivegaucheblois.fr\/?page_id=1377\"><img decoding=\"async\" loading=\"lazy\" width=\"300\" height=\"70\" src=\"https:\/\/rivegaucheblois.fr\/wp-content\/uploads\/2024\/02\/bouton-arthur.jpg\" alt=\"\" class=\"wp-image-1952\"\/><\/a><\/figure>\n\n\n\n<hr class=\"wp-block-separator has-alpha-channel-opacity\"\/>\n","protected":false},"excerpt":{"rendered":"<p>L&rsquo;\u00e9quipe RIVE GAUCHE se compose de 8 enseignants de la conduite r\u00e9partis sur les agences de Blois Vienne, de Villebarou et Albert 1er \u00e0 votre service pour une plus grande disponibilit\u00e9 ! SUR LA ROUTE &#8230; AU BUREAU &#8230;<\/p>\n","protected":false},"author":1,"featured_media":0,"parent":0,"menu_order":0,"comment_status":"closed","ping_status":"closed","template":"","meta":[],"_links":{"self":[{"href":"https:\/\/rivegaucheblois.fr\/index.php?rest_route=\/wp\/v2\/pages\/24"}],"collection":[{"href":"https:\/\/rivegaucheblois.fr\/index.php?rest_route=\/wp\/v2\/pages"}],"about":[{"href":"https:\/\/rivegaucheblois.fr\/index.php?rest_route=\/wp\/v2\/types\/page"}],"author":[{"embeddable":true,"href":"https:\/\/rivegaucheblois.fr\/index.php?rest_route=\/wp\/v2\/users\/1"}],"replies":[{"embeddable":true,"href":"https:\/\/rivegaucheblois.fr\/index.php?rest_route=%2Fwp%2Fv2%2Fcomments&post=24"}],"version-history":[{"count":73,"href":"https:\/\/rivegaucheblois.fr\/index.php?rest_route=\/wp\/v2\/pages\/24\/revisions"}],"predecessor-version":[{"id":2209,"href":"https:\/\/rivegaucheblois.fr\/index.php?rest_route=\/wp\/v2\/pages\/24\/revisions\/2209"}],"wp:attachment":[{"href":"https:\/\/rivegaucheblois.fr\/index.php?rest_route=%2Fwp%2Fv2%2Fmedia&parent=24"}],"curies":[{"name":"wp","href":"https:\/\/api.w.org\/{rel}","templated":true}]}}