{"id":1490,"date":"2022-09-13T14:00:00","date_gmt":"2022-09-13T12:00:00","guid":{"rendered":"http:\/\/rivegaucheblois.fr\/?page_id=1490"},"modified":"2025-01-15T09:48:13","modified_gmt":"2025-01-15T08:48:13","slug":"permis-ba-aac","status":"publish","type":"page","link":"https:\/\/rivegaucheblois.fr\/?page_id=1490","title":{"rendered":"Permis BA AAC"},"content":{"rendered":"\n<h1><strong>Permis BA AAC<\/strong><\/h1>\n\n\n\n<figure class=\"wp-block-image size-large\"><img decoding=\"async\" loading=\"lazy\" width=\"845\" height=\"476\" src=\"http:\/\/rivegaucheblois.fr\/wp-content\/uploads\/2021\/04\/c3-automatique-2021.jpg\" alt=\"\" class=\"wp-image-1224\" srcset=\"https:\/\/rivegaucheblois.fr\/wp-content\/uploads\/2021\/04\/c3-automatique-2021.jpg 845w, https:\/\/rivegaucheblois.fr\/wp-content\/uploads\/2021\/04\/c3-automatique-2021-300x169.jpg 300w, https:\/\/rivegaucheblois.fr\/wp-content\/uploads\/2021\/04\/c3-automatique-2021-768x433.jpg 768w\" sizes=\"(max-width: 845px) 100vw, 845px\" \/><\/figure>\n\n\n\n<p><strong>L\u2019auto-\u00e9cole RIVE GAUCHE \u00e0 Blois Vienne vous propose la formation au permis AAC.<\/strong><\/p>\n\n\n\n<p>La conduite&nbsp;accompagn\u00e9e ou Permis ACC (Apprentissage Anticip\u00e9 de la Conduite), vous permet de d\u00e9buter l&rsquo;apprentissage de la conduite d\u00e8s 15 ans.<\/p>\n\n\n\n<hr class=\"wp-block-separator has-css-opacity\"\/>\n\n\n\n<h2 class=\"has-luminous-vivid-orange-color has-text-color\"><strong>Frais administratifs &amp; fournitures p\u00e9dagogiques<\/strong><\/h2>\n\n\n\n<h2 class=\"has-luminous-vivid-orange-color has-text-color\"><strong>Formation code*<\/strong><\/h2>\n\n\n\n<ul>\n<li>test illimit\u00e9s (valables 6 mois)<\/li>\n\n\n\n<li>1 livre de code<\/li>\n\n\n\n<li>1 acc\u00e8s \u00e0 Pr\u00e9pacode<\/li>\n<\/ul>\n\n\n\n<h4>*non compris dans le forfait sans code<\/h4>\n\n\n\n<h2 class=\"has-luminous-vivid-orange-color has-text-color\"><strong>Formation conduite<\/strong><\/h2>\n\n\n\n<ul>\n<li>1 heure d\u2019\u00e9valuation<\/li>\n\n\n\n<li>13 heures de formation<\/li>\n\n\n\n<li>2 heures de rendez-vous pr\u00e9alable avec un accompagnateur<\/li>\n\n\n\n<li>1 pr\u00e9sentation examen conduite<\/li>\n<\/ul>\n\n\n\n<h2 class=\"has-luminous-vivid-orange-color has-text-color\"><strong>Rendez-vous p\u00e9dagogiques (2)<\/strong><\/h2>\n\n\n\n<ul>\n<li>1 heure de conduite avec accompagnateur<\/li>\n\n\n\n<li>2 heures en salle avec moniteur<\/li>\n<\/ul>\n\n\n\n<h2 class=\"has-luminous-vivid-orange-color has-text-color\"><strong>Pi\u00e8ces \u00e0 fournir<\/strong><\/h2>\n\n\n\n<figure class=\"wp-block-image size-full\"><img decoding=\"async\" loading=\"lazy\" width=\"683\" height=\"70\" src=\"http:\/\/rivegaucheblois.fr\/wp-content\/uploads\/2024\/01\/sur-lappli-a-telecharger.bmp\" alt=\"\" class=\"wp-image-1908\" srcset=\"https:\/\/rivegaucheblois.fr\/wp-content\/uploads\/2024\/01\/sur-lappli-a-telecharger.bmp 683w, https:\/\/rivegaucheblois.fr\/wp-content\/uploads\/2024\/01\/sur-lappli-a-telecharger-300x31.jpg 300w\" sizes=\"(max-width: 683px) 100vw, 683px\" \/><\/figure>\n\n\n\n<p>4 timbres postaux au tarif en vigueur<\/p>\n\n\n\n<p> code <strong>e<\/strong>photo <\/p>\n\n\n\n<p>1 PDF de la pi\u00e8ce d\u2019identit\u00e9 recto\/verso sur 1 page<\/p>\n\n\n\n<p>1 PDF du permis AM (BSR) recto\/verso sur 1 page si titulaire<\/p>\n\n\n\n<p>Justificatif de domicile datant de moins de 6 mois.(si le justificatif est \u00e0 un autre nom, fournir \u00e9galement le PDF de la pi\u00e8ce d\u2019identit\u00e9 de l\u2019h\u00e9bergeant ainsi qu\u2019une attestation d\u2019h\u00e9bergement)<\/p>\n\n\n\n<p>Adresse mail valide<\/p>\n\n\n\n<h4 class=\"has-vivid-cyan-blue-color has-text-color\"><em><strong>entre 15 et 17 ans<\/strong><\/em><\/h4>\n\n\n\n<ul>\n<li>ASSR 2 **<\/li>\n<\/ul>\n\n\n\n<h4 class=\"has-luminous-vivid-orange-color has-text-color\"><em><strong>entre 17 et 25 ans<\/strong><\/em><\/h4>\n\n\n\n<ul>\n<li>ASSR 2 **<\/li>\n\n\n\n<li>1 PDF du certificat individuel de participation \u00e0 la journ\u00e9e d\u00e9fense et citoyennet\u00e9 (JDC) ou attestation de situation vis \u00e0 vis du service national<\/li>\n\n\n\n<li>Il est possible de demander un certificat provisoire en appelant au 02 38 65 21 32 ou par mail \u00e0 <a href=\"mailto:csn-orleans.sec.fct@intradef.gouv.fr\">csn-orleans.sec.fct@intradef.gouv.fr<\/a><\/li>\n<\/ul>\n\n\n\n<h4>** sauf si titulaire du permis A1<\/h4>\n\n\n\n<p><\/p>\n","protected":false},"excerpt":{"rendered":"<p>Permis BA AAC L\u2019auto-\u00e9cole RIVE GAUCHE \u00e0 Blois Vienne vous propose la formation au permis AAC. La conduite&nbsp;accompagn\u00e9e ou Permis ACC (Apprentissage Anticip\u00e9 de la Conduite), vous permet de d\u00e9buter l&rsquo;apprentissage de la conduite d\u00e8s 15 ans. Frais administratifs &amp; fournitures p\u00e9dagogiques Formation code* *non compris dans le forfait sans code Formation conduite Rendez-vous p\u00e9dagogiques [&hellip;]<\/p>\n","protected":false},"author":1,"featured_media":0,"parent":0,"menu_order":0,"comment_status":"closed","ping_status":"closed","template":"","meta":[],"_links":{"self":[{"href":"https:\/\/rivegaucheblois.fr\/index.php?rest_route=\/wp\/v2\/pages\/1490"}],"collection":[{"href":"https:\/\/rivegaucheblois.fr\/index.php?rest_route=\/wp\/v2\/pages"}],"about":[{"href":"https:\/\/rivegaucheblois.fr\/index.php?rest_route=\/wp\/v2\/types\/page"}],"author":[{"embeddable":true,"href":"https:\/\/rivegaucheblois.fr\/index.php?rest_route=\/wp\/v2\/users\/1"}],"replies":[{"embeddable":true,"href":"https:\/\/rivegaucheblois.fr\/index.php?rest_route=%2Fwp%2Fv2%2Fcomments&post=1490"}],"version-history":[{"count":14,"href":"https:\/\/rivegaucheblois.fr\/index.php?rest_route=\/wp\/v2\/pages\/1490\/revisions"}],"predecessor-version":[{"id":2181,"href":"https:\/\/rivegaucheblois.fr\/index.php?rest_route=\/wp\/v2\/pages\/1490\/revisions\/2181"}],"wp:attachment":[{"href":"https:\/\/rivegaucheblois.fr\/index.php?rest_route=%2Fwp%2Fv2%2Fmedia&parent=1490"}],"curies":[{"name":"wp","href":"https:\/\/api.w.org\/{rel}","templated":true}]}}